ors of 5321.
17, 313
List the prime factors of 705.
3, 5, 47
What are the prime factors of 1282?
2, 641
List the prime factors of 4481.
4481
List the prime factors of 8334.
2, 3, 463
What are the prime factors of 10946?
2, 13, 421
List the prime factors of 67076.
2, 41, 409
List the prime factors of 884.
2, 13, 17
What are the prime factors of 1142?
2, 571
What are the prime factors of 39980?
2, 5, 1999
List the prime factors of 8226.
2, 3, 457
List the prime factors of 369.
3, 41
List the prime factors of 2036.
2, 509
List the prime factors of 8219.
8219
What are the prime factors of 75885?
3, 5, 5059
What are the prime factors of 3296?
2, 103
List the prime factors of 8412.
2, 3, 701
What are the prime factors of 5748?
2, 3, 479
List the prime factors of 5582.
2, 2791
List the prime factors of 1927.
41, 47
What are the prime factors of 64702?
2, 11, 17, 173
What are the prime factors of 12191?
73, 167
What are the prime factors of 2499?
3, 7, 17
List the prime factors of 45063.
3, 1669
List the prime factors of 7507.
7507
What are the prime factors of 4524?
2, 3, 13, 29
What are the prime factors of 686?
2, 7
What are the prime factors of 43920?
2, 3, 5, 61
What are the prime factors of 42490?
2, 5, 7, 607
What are the prime factors of 932?
2, 233
What are the prime factors of 57367?
57367
What are the prime factors of 3301?
3301
List the prime factors of 69063.
3, 23021
List the prime factors of 1293.
3, 431
What are the prime factors of 139?
139
What are the prime factors of 9030?
2, 3, 5, 7, 43
What are the prime factors of 20?
2, 5
What are the prime factors of 8696?
2, 1087
What are the prime factors of 7638?
2, 3, 19, 67
What are the prime factors of 11873?
31, 383
List the prime factors of 596.
2, 149
List the prime factors of 195.
3, 5, 13
What are the prime factors of 3975?
3, 5, 53
What are the prime factors of 1183?
7, 13
List the prime factors of 77624.
2, 31, 313
List the prime factors of 14270.
2, 5, 1427
List the prime factors of 601.
601
List the prime factors of 111238.
2, 55619
What are the prime factors of 307?
307
List the prime factors of 14420.
2, 5, 7, 103
What are the prime factors of 39010?
2, 5, 47, 83
What are the prime factors of 4930?
2, 5, 17, 29
What are the prime factors of 20525?
5, 821
List the prime factors of 22148.
2, 7, 113
What are the prime factors of 4856?
2, 607
What are the prime factors of 38809?
197
List the prime factors of 68.
2, 17
List the prime factors of 2949.
3, 983
What are the prime factors of 142076?
2, 11, 3229
List the prime factors of 82713.
3, 79, 349
What are the prime factors of 10192?
2, 7, 13
What are the prime factors of 19705?
5, 7, 563
What are the prime factors of 16502?
2, 37, 223
What are the prime factors of 8765?
5, 1753
List the prime factors of 13545.
3, 5, 7, 43
What are the prime factors of 4211?
4211
List the prime factors of 6238.
2, 3119
What are the prime factors of 839?
839
What are the prime factors of 20886?
2, 3, 59
List the prime factors of 863.
863
What are the prime factors of 10885?
5, 7, 311
List the prime factors of 71409.
3, 13, 1831
List the prime factors of 10186.
2, 11, 463
List the prime factors of 29792.
2, 7, 19
List the prime factors of 14610.
2, 3, 5, 487
What are the prime factors of 4823?
7, 13, 53
What are the prime factors of 15148?
2, 7, 541
List the prime factors of 5815.
5, 1163
List the prime factors of 12294.
2, 3, 683
What are the prime factors of 870?
2, 3, 5, 29
List the prime factors of 2214.
2, 3, 41
What are the prime factors of 10820?
2, 5, 541
List the prime factors of 10383.
3, 3461
List the prime factors of 3304.
2, 7, 59
List the prime factors of 155193.
3, 17, 179
What are the prime factors of 21486?
2, 3, 3581
What are the prime factors of 25859?
19, 1361
List the prime factors of 3964.
2, 991
List the prime factors of 886.
2, 443
What are the prime factors of 11863?
11863
What are the prime factors of 2651?
11, 241
What are the prime factors of 11024?
2, 13, 53
What are the prime factors of 85400?
2, 5, 7, 61
List the prime factors of 844.
2, 211
What are the prime factors of 5435?
5, 1087
List the prime factors of 8671.
13, 23, 29
List the prime factors of 5469.
3, 1823
What are the prime factors of 453?
3, 151
List the prime factors of 2772.
2, 3, 7, 11
What are the prime factors of 44444?
2, 41, 271
What are the prime factors of 396?
2, 3, 11
What are the prime factors of 2773?
47, 59
List the prime factors of 7348.
2, 11, 167
What are the prime factors of 70333?
61, 1153
What are the prime factors of 51151?
51151
What are the prime factors of 1868?
2, 467
List the prime factors of 7260.
2, 3, 5, 11
List the prime factors of 2043.
3, 227
List the prime factors of 14230.
2, 5, 1423
List the prime factors of 4011.
3, 7, 191
List the prime factors of 644.
2, 7, 23
What are the prime factors of 5940?
2, 3, 5, 11
What are the prime factors of 6505?
5, 1301
What are the prime factors of 58560?
2, 3, 5, 61
What are the prime factors of 92650?
2, 5, 17, 109
What are the prime factors of 12590?
2, 5, 1259
List the prime factors of 57205.
5, 17, 673
List the prime factors of 66073.
7, 9439
What are the prime factors of 6190?
2, 5, 619
What are the prime factors of 6374?
2, 3187
List the prime factors of 700.
2, 5, 7
List the prime factors of 3413.
3413
List the prime factors of 14904.
2, 3, 23
List the prime factors of 7696.
2, 13, 37
What are the prime factors of 484?
2, 11
List the prime factors of 1292.
2, 17, 19
List the prime factors of 3010.
2, 5, 7, 43
What are the prime factors of 13649?
13649
List the prime factors of 2357.
2357
What are the prime factors of 178?
2, 89
What are the prime factors of 9587?
9587
List the prime factors of 5326.
2, 2663
List the prime factors of 643.
643
List the prime factors of 21274.
2, 11, 967
List the prime factors of 782.
2, 17, 23
What are the prime factors of 38698?
2, 11, 1759
What are the prime factors of 18370?
2, 5, 11, 167
What are the prime factors of 3118?
2, 1559
What are the prime factors of 230?
2, 5, 23
What are the prime factors of 61?
61
List the prime factors of 684.
2, 3, 19
List the prime factors of 92677.
13, 7129
What are the prime factors of 477?
3, 53
List the prime factors of 9575.
5, 383
List the prime factors of 6734.
2, 7, 13, 37
What are the prime factors of 13256?
2, 1657
What are the prime factors of 2153?
2153
List the prime factors of 10170.
2, 3, 5, 113
List the prime factors of 5372.
2, 17, 79
What are the prime factors of 18645?
3, 5, 11, 113
List the prime factors of 9193.
29, 317
List the prime factors of 25207.
7, 13, 277
List the prime factors of 19296.
2, 3, 67
List the prime factors of 14.
2, 7
List the prime factors of 10375.
5, 83
What are the prime factors of 22989?
3, 79, 97
What are the prime factors of 1714?
2, 857
List the prime factors of 22413.
3, 31, 241
List the prime factors of 12536.
2, 1567
What are the prime factors of 5627?
17, 331
What are the prime factors of 1146?
2, 3, 191
List the prime factors of 78357.
3, 26119
What are the prime factors of 4752?
2, 3, 11
List the prime factors of 2848.
2, 89
What are the prime factors of 15?
3, 5
List the prime factors of 4858.
2, 7, 347
What are the prime factors of 11747?
17, 691
List the prime factors of 88555.
5, 89, 199
List the prime factors of 518.
2, 7, 37
List the prime factors of 871.
13, 67
List the prime factors of 24524.
2, 6131
What are the prime factors of 52981?
52981
What are the prime factors of 17140?
2, 5, 857
What are the prime factors of 4018?
2, 7, 41
List the prime factors of 4761.
3, 23
What are the prime factors of 25240?
2, 5, 631
What are the prime factors of 1295?
5, 7, 37
List the prime factors of 2294.
2, 31, 37
What are the prime factors of 1014?
2, 3, 13
What are the prime factors of 4284?
2, 3, 7, 17
List the prime factors of 6717.
3, 2239
What are the prime factors of 4308?
2, 3, 359
List the prime factors of 18003.
3, 17, 353
List the prime factors of 7841.
7841
What are the prime factors of 9309?
3, 29, 107
What are the prime factors of 1122?
2, 3, 11, 17
List the prime factors of 18198.
2, 3, 337
What are the prime factors of 14886?
2, 3, 827
List the prime factors of 5767.
73, 79
What are the prime factors of 6495?
3, 5, 433
List the prime factors